 - 4*q**2 + 11*q + 14. What is c(-6)?
20
Let l(y) = y**3 + 18*y**2 - 8*y - 124. Calculate l(-18).
20
Let y(u) = 2*u. Calculate y(2).
4
Let g(y) = -y**2 + 16*y - 43. Calculate g(13).
-4
Let z(d) = -3*d**3 - 20*d**2 - 21*d. Give z(-1).
4
Let l(v) = -2*v**2 - 30*v - 29. Calculate l(-14).
-1
Let y(x) = 15*x**2 - 3*x - 3. Give y(2).
51
Let o(r) = -r**2 - 5*r + 32. Give o(-7).
18
Let m(r) = 4*r**3 + 2*r**2 - 2*r - 3. What is m(-1)?
-3
Let w(j) = 4*j - 54. What is w(3)?
-42
Let p(f) = f**2 - 5*f + 7. Determine p(4).
3
Let b(w) = -w - 53. Give b(-26).
-27
Let m(l) = -11*l - 1. Give m(-2).
21
Let u(c) = c**2 - 6*c + 9. Give u(4).
1
Let y(b) = -2*b**2 + 11*b - 11. Give y(7).
-32
Let y(l) = -l**3 + 5*l**2 + 9*l - 12. Determine y(6).
6
Let n(y) = -y**2 + 8*y. Give n(8).
0
Let j(i) = -39*i + 1. Determine j(1).
-38
Let o(v) = -v**2 - v + 1. What is o(0)?
1
Let h(g) = -g**2 - 5*g + 5. Give h(5).
-45
Let b(c) = c**3 + 10*c**2 - 6*c + 34. Determine b(-11).
-21
Let o(x) = -24*x - 87. What is o(-5)?
33
Let k(g) = 3*g - 3. What is k(11)?
30
Let d(w) = -w + 8. Give d(-11).
19
Let i(o) = o + 40. What is i(-16)?
24
Let k(j) = -j**3 - 8*j**2 - 3*j + 35. Give k(-7).
7
Let n(u) = -u**2 - 9*u + 16. Determine n(-9).
16
Let r(h) = 10*h + 23. Determine r(-3).
-7
Let u(s) = -s**2 + 11*s. Give u(11).
0
Let s(a) = -a**3 + 7*a**2 + 5. Determine s(7).
5
Let b(a) = -a**3 + 7*a**2 + 6*a - 8. Give b(8).
-24
Let q(h) = -5*h + 1. Determine q(-4).
21
Let n(o) = -o**3 - 21*o**2 + 4*o + 91. Calculate n(-21).
7
Let x(m) = -3*m - 4. Calculate x(-2).
2
Let k(h) = 2*h**2 - 29*h + 69. What is k(3)?
0
Let t(y) = y**2 + 5*y - 10. Determine t(-5).
-10
Let s(a) = -a**3 - 8*a**2 + 20*a + 6. Give s(-10).
6
Let v(a) = 2*a**2 - 18*a + 20. Give v(8).
4
Let k(l) = l**2 - 13*l - 10. What is k(15)?
20
Let h(g) = -2*g + 33. Determine h(15).
3
Let u(y) = -67*y**2 - 2*y + 1. Give u(1).
-68
Let q(l) = 5*l - 34. What is q(3)?
-19
Let a(r) = -5*r**2 + 66*r + 25. Give a(13).
38
Let n(k) = k**2 - 17*k - 29. Determine n(13).
-81
Let t(x) = 2*x**2 + 7*x - 108. Give t(6).
6
Let l(r) = -13*r + 70. What is l(5)?
5
Let q(i) = -3*i - 37. Give q(-5).
-22
Let x(t) = t**3 + 7*t**2 + 2*t. Give x(-5).
40
Let s(z) = -2*z - 39. Determine s(-28).
17
Let l(s) = -2*s**3 - s**2 + s + 4. Calculate l(-3).
46
Let a(h) = 2*h**2 + 76*h - 86. What is a(-39)?
-8
Let z(d) = d**3 - 8*d**2 + 10*d - 10. What is z(7)?
11
Let p(v) = v**3 - v**2 - 21*v - 12. Calculate p(7).
135
Let i(p) = -p**2 - 14*p - 24. What is i(-8)?
24
Let q(y) = -y**3 - 17*y**2 - 15*y + 18. Calculate q(-16).
2
Let f(l) = 2*l**3 - 2*l**2 + 3*l - 1. Give f(2).
13
Let z(w) = -w**3 - 4*w**2 - 2*w. What is z(-2)?
-4
Let o(i) = i**2 + 6*i - 20. Determine o(-7).
-13
Let g(n) = -n**3 - 2*n**2 + 3*n - 4. Determine g(0).
-4
Let p(k) = k**3 - 29*k**2 - k + 19. Calculate p(29).
-10
Let i(c) = -c**2 - 14*c - 27. Calculate i(-14).
-27
Let r(k) = -2*k**2 + 128*k - 133. Determine r(63).
-7
Let h(g) = -78*g**3 + g**2 + g - 1. Determine h(1).
-77
Let a(i) = -i**3 - 2*i**2 + 14*i + 19. What is a(-4)?
-5
Let s(g) = 2*g**3 - 81*g**2 - 215*g + 11. Determine s(43).
11
Let g(a) = a**2 - 18*a + 27. Calculate g(16).
-5
Let f(z) = 30*z + 32. Determine f(-6).
-148
Let j(f) = -f**3 - 5*f**2 + 5*f - 12. Calculate j(-6).
-6
Let u(k) = -4*k + 4. Calculate u(-8).
36
Let r(l) = -l + 16. What is r(11)?
5
Let l(x) = -x**3 - 3*x**2 + 6*x + 6. Calculate l(-3).
-12
Let u(g) = -2*g - 13. Give u(-5).
-3
Let o(h) = 3*h - 3. What is o(-5)?
-18
Let y(d) = 12*d + 104. Determine y(-9).
-4
Let d(c) = -c**3 - 7*c**2 - 10. What is d(-7)?
-10
Let b(y) = -y**3 - 10*y**2 - y - 13. Give b(-10).
-3
Let g(y) = -2*y**2 - 5*y - 4. What is g(-3)?
-7
Let t(f) = -3*f**2 + 1. Give t(-1).
-2
Let t(j) = -2*j**2 - 5*j + 9. What is t(3)?
-24
Let w(v) = v**3 - 4*v**2 - 5. Give w(5).
20
Let d(v) = -2*v**3 + 7*v**2 + v - 2. Give d(5).
-72
Let p(i) = 9*i**2 + i. Determine p(1).
10
Let z(w) = -4*w + 34. Determine z(16).
-30
Let o(w) = 16*w**3 - w**2 + w - 1. What is o(1)?
15
Let s(o) = -o**2 - 12*o + 4. Give s(-12).
4
Let t(w) = w**3 - 8*w**2 - 20*w + 5. What is t(10)?
5
Let v(n) = -n**2 - 6*n - 4. Give v(5).
-59
Let f(o) = -4*o. Determine f(2).
-8
Let q(k) = 32*k**2 - k + 1. Determine q(1).
32
Let m(d) = d**3 - 13*d**2 + 11*d + 26. Calculate m(12).
14
Let d(v) = -101*v + 191. Determine d(2).
-11
Let w(u) = -3*u**2 + 5*u + 3. Give w(4).
-25
Let q(a) = -a**2 + 21*a + 33. Determine q(22).
11
Let u(c) = c**2 + 3*c - 2. Calculate u(-4).
2
Let z(k) = -k**3 - 26*k**2 - 23*k - 7. Give z(-25).
-57
Let g(q) = -86*q + 168. Determine g(2).
-4
Let k(a) = -7*a**2 - a. Determine k(-2).
-26
Let u(w) = 9*w - 1. What is u(-3)?
-28
Let l(w) = 16*w + 53. Give l(-2).
21
Let x(q) = -3*q**2 + 6*q + 12. What is x(3)?
3
Let u(n) = n**2 - 2*n - 5. What is u(3)?
-2
Let d(j) = -j - 5. Determine d(4).
-9
Let m(w) = -w**3 + 44*w**2 - w + 48. What is m(44)?
4
Let u(f) = 2*f**2 - 17*f + 9. Give u(6).
-21
Let n(v) = -2*v**2 + 18*v - 17. Calculate n(8).
-1
Let y(n) = -n**3 + 7*n**2 - 6*n. What is y(6)?
0
Let t(w) = -w**3 + 9*w**2 - 8*w + 4. Determine t(5).
64
Let v(o) = -o**3 + 3*o**2 + 7*o - 2. Calculate v(5).
-17
Let q(b) = 13*b + 145. Give q(-11).
2
Let g(k) = k - 31. What is g(6)?
-25
Let w(z) = 45*z + 48. Determine w(-1).
3
Let b(s) = s**3 + 17*s**2 + 32*s + 31. Calculate b(-15).
1
Let v(g) = 2*g**2 - 7*g - 19. Calculate v(5).
-4
Let h(p) = p**2 + 3*p - 2. Calculate h(-6).
16
Let g(i) = -i**2 + 5*i - 3. Calculate g(3).
3
Let y(u) = u**3 - 11*u**2 + 21*u - 20. Determine y(9).
7
Let g(x) = -11*x**2 - 4*x + 4. Calculate g(3).
-107
Let s(c) = -c**2 - 3*c + 12. What is s(-5)?
2
Let k(z) = -z**3 - 12*z**2 + 15*z + 30. Determine k(-13).
4
Let g(d) = 11*d + 129. Calculate g(-12).
-3
Let t(u) = -u**2 - 5*u - 22. Give t(-4).
-18
Let t(b) = -b - 19. Give t(-12).
-7
Let x(w) = -w**3 - 14*w**2 - 11*w + 6. Give x(-13).
-20
Let q(d) = 4*d + 66. Calculate q(-15).
6
Let j(l) = -l**2 + 11*l - 11. Determine j(9).
7
Let i(q) = q - 5. What is i(-6)?
-11
Let h(w) = 9*w + 19. Give h(-6).
-35
Let l(k) = -13*k + 100. Calculate l(7).
9
Let r(g) = g**2 - 8*g - 103. Determine r(-8).
25
Let m(d) = -4*d**2 - 3*d + 4. Give m(-2).
-6
Let b(j) = 5*j - 118. Give b(22).
-8
Let t(f) = f + 18. What is t(-5)?
13
Let s(f) = -f**3 + 6*f**2 - f + 5. Give s(6).
-1
Let r(y) = -y**2 - 15*y - 56. Calculate r(-8).
0
Let v(y) = -y**3 - 11*y**2 - 33*y - 21. Calculate v(-6).
-3
Let s(d) = -d**3 + 24*d**2 + 24*d + 31. Determine s(25).
6
Let x(u) = u**3 - 6*u**2 - 7*u - 2. Give x(6).
-44
Let t(h) = h**3 - 23*h**2 + 2*h - 45. Give t(23).
1
Let q(m) = m**2 - 3*m - 2. Give q(5).
8
Let x(b) = -b**3 + 3*b**2 + 2. Calculate x(4).
-14
Let k(w) = 3*w - 8. Give k(2).
-2
Let u(j) = -j - 8. What is u(-6)?
-2
Let y(w) = w**3 - 5*w**2 - 2*w + 6. Determine y(5).
-4
Let x(j) = 2*j - 15. Give x(5).
-5
Let f(q) = -2*q**2 - 15*q + 1. What is f(-8)?
-7
Let t(v) = 2*v**2 - 11*v + 6. What is t(4)?
-6
Let h(v) = v**2 + 7*v + 7. Determine h(-2).
-3
Let v(h) = h**2 - 4*h - 14. What is v(8)?
18
Let b(q) = 12*q + 12. Give b(-2).
-12
Let j(k) = -k**3 + 5*k**2 + 6*k - 6. Determine j(6).
-6
Let m(b) = -6*b + 1. Give m(-1).
7
Let m(g) = -6*g + 51. What is m(8)?
3
Let h(f) = f**2 - 8*f + 17. Calculate h(5).
2
Let r(o) = -20*o - 2. What is r(1)?
-22
Let i(a) = a**2 - 4*a + 13. Give i(0).
13
Let r(t) = 6*t. Give r(5).
30
Let h(t) = -35*t - 2. What is h(1)?
-37
Let b(f) = f**2 - 3*f - 2. Calculate b(4).
2
Let w(k) = -32*k + 71. Give w(2).
7
Let t(n) = -7*n**2 - n + 3. Calculate t(3).
-63
Let y(n) = 6*n**2 + 19*n - 7. Determine y(-5).
48
Let w(p) = -12*p - 12. Determine w(-6).
60
Let f(y) = -4*y - 10. Calculate f(-2).
-2
Let y(t) = t + 1. Calculate y(7).
8
Let d(z) = -z**3 + 10*z**2 - 9*z - 16. Give d(9).
-16
Let i(l) = 9*l - 7. Determine i(2).
11
Let o(a) = -3*a. What is o(8)?
-24
Let o(f) = f**2 + 2*f + 3. Calculate o(-1).
2
Let j(a) = 5*a - 18. Determine j(3).
-3
Let t(i) = -2*i**3 - 14*i**2 - 16*i - 18. What is t(-6)?
6
Let f(x) = -9*x + 18. Calculate f(7).
-45
Let d(r) = r**2 + 20*r + 95. Calculate d(-11).
-4
Let m(i) = -7*i + 50. Calculate m(9).
-13
Let z(v) = 23*v + 13. Calculate z(3).
82
Let j(a) = 3*a**3 + 2*a**2 + 2*a + 1. What is j(-1)?
-2
Let m(n) = n**3 + 10*n**2 - 26*n - 19. Calculate m(-12).
5
Let s(a) = a**2 + 8*a + 27. What is